 - 2*h. List the prime factors of (-340)/(-35) - s/14.
2, 5
Let p = -16 - -19. Let l(i) = -i**3 + 2*i**2 - 1. Let g be l(-1). Suppose 3*s + p*y - 33 = 0, 3*s = -y + g*y + 17. What are the prime factors of s?
7
Let f be (-2)/(-11) + (-1608)/132. Suppose 0 = -x + m + 3*m + 17, 0 = -4*x - 2*m + 68. Let q = f + x. What are the prime factors of q?
5
Let p be 6/4 - (-3)/2. Suppose 0 = 2*a - p*a + 5. What are the prime factors of a?
5
Let x(p) = p**3 + 5*p**2 - 7*p + 4. Let m be x(-6). Let g be m + 1/(-4 - -3). Let i(o) = -o**2 + 9*o + 8. What are the prime factors of i(g)?
2
Let m = 101 + -71. List the prime factors of m.
2, 3, 5
Let f be 35*((-7)/5 + 1) - 2. Suppose -2*z - 32 = 2*z. Let m = z - f. List the prime factors of m.
2
List the prime factors of ((-46)/(-8))/((-2)/(-8)).
23
Let x(q) be the second derivative of q**4/6 - 7*q**3/6 + 2*q**2 - 6*q. What are the prime factors of x(4)?
2
Suppose 4 = -3*x + 13. Suppose -2*v - 2*v = -5*b - 135, -78 = -x*v - 4*b. List the prime factors of v.
2, 3, 5
Let g(m) = m**2 + 2*m - 1. Let l be g(3). Let q = l + -9. What are the prime factors of q?
5
Suppose 3*p - 5 = -2. Suppose 4*f - p - 7 = -4*r, -5*f - 22 = -3*r. List the prime factors of r/(-14) + (-32)/(-14).
2
Let y(b) = -b**3 + 8*b**2 - 8*b + 10. Let l be y(7). Suppose 0 = -5*i + 2*i + 3*v, -i + 8 = 3*v. What are the prime factors of (-14)/(-3)*l/i?
7
Suppose -2*i = -3*a + 20, -4*i - 33 = -2*a - 9. Suppose -3*f - 21 = -5*z, -3*z + 4*z = -4*f - 5. Let b = a + z. What are the prime factors of b?
7
Let l(u) = u + 11. Let t be l(-7). Suppose -3*y + 16 = 2*n, -2*y + 0*y + 16 = t*n. List the prime factors of n.
2
Let d(o) = 9*o + 9. What are the prime factors of d(4)?
3, 5
Let m(d) = -d**3 + 8*d**2 - d + 10. Let k = 0 - -8. List the prime factors of m(k).
2
Let s(k) = -k**2 - 12*k + 10. List the prime factors of s(-10).
2, 3, 5
Suppose 4*p - 8*k = -3*k - 18, 5*k = -5*p. Let n(i) = -2*i**3 - 3*i**2 - 4*i - 3. List the prime factors of n(p).
3
List the prime factors of -24*-2*3/(54/21).
2, 7
Let b(l) = 15*l**2 - 4*l + 2. What are the prime factors of b(2)?
2, 3
Let r(q) = -q**2 + 4*q + 2. Let x be r(4). List the prime factors of -3*x/(-3) - -9.
11
Let r(v) be the third derivative of -v**4/8 - v**3/2 + 2*v**2. What are the prime factors of r(-6)?
3, 5
Let a be 3*(-2)/(-6)*0. Suppose a*z + 5*g = -z + 9, -g + 17 = 4*z. Suppose 5*c = -z*p + 8, 5*p - 2*p - 5*c - 6 = 0. What are the prime factors of p?
2
Let z = 9 - 15. Let h be -16*(0 + 3/z). Suppose -t + h = -0*t. What are the prime factors of t?
2
Suppose 4*z + 0*z - 8 = 0. Let r(x) = 4*x - 12. Let b(w) = -w + 3. Let v(j) = z*r(j) + 9*b(j). List the prime factors of v(-5).
2
Suppose 0 = -h - 4 + 9. Suppose 5*q + 31 = 3*f, 0 = -5*f + h*q - q + 43. What are the prime factors of (f/(-3))/((-1)/3)?
7
Let t(g) be the first derivative of 10/3*g**3 - 7/2*g**2 - 1/4*g**4 - 13*g - 2. List the prime factors of t(9).
5
Suppose -4*x + 3*d + 60 = 0, 0*x - 28 = -2*x + 2*d. List the prime factors of x.
2, 3
Let v = 66 - -9. List the prime factors of v.
3, 5
Let o(l) = -l**3 - 4*l**2 - 3*l + 2. Let i be 2/4*(-84)/14. What are the prime factors of o(i)?
2
List the prime factors of (-6)/21 - 177/(-7).
5
Let h(x) = 4*x**3 + 2*x**2 - 2. Let q be h(2). Let w = -8 + q. What are the prime factors of w?
2, 3, 5
Let q = 276 + -152. List the prime factors of q.
2, 31
Let m(c) = -4*c - 19. Let b be m(-14). Let y = 66 - b. List the prime factors of y.
29
Let m = 7 - 1. Suppose 52 = m*f - 4*f. List the prime factors of f.
2, 13
Let r = -130 - -194. Suppose 0*t = -3*t - 5*i + r, 2*t + 3*i = 43. Let u = t - 11. What are the prime factors of u?
2, 3
Let k = 303 + -203. List the prime factors of k.
2, 5
Suppose 2*t - 3*r - 135 = 0, t - 170 = -t - 4*r. Let m = t - 54. Let j = -14 + m. What are the prime factors of j?
7
Let n(q) = 2*q**2 + 19*q - 5. What are the prime factors of n(6)?
181
Suppose -5*i + 5*j = 35, 4*j - 7 = i + 12. Let c = 9 - 1. Let t = i + c. What are the prime factors of t?
5
Let v(t) = 3*t + 15. List the prime factors of v(8).
3, 13
Let k = -2 + 0. Let s(o) = 4*o + 6. Let i(a) = a + 2. Let m(n) = 11*i(n) - 4*s(n). List the prime factors of m(k).
2
List the prime factors of 12/3*(-6)/(-12).
2
Suppose -9*i + 151 + 317 = 0. List the prime factors of i.
2, 13
Suppose 3*b - 2*x - 4 - 31 = 0, 5*b = -x + 54. What are the prime factors of b?
11
Let w = 1 + 5. List the prime factors of -12*(10/w + -3).
2
Let p(k) = k**3 + 16*k**2 + 4*k - 19. Let u(r) = -r**3 - 17*r**2 - 5*r + 20. Let q(a) = 7*p(a) + 6*u(a). What are the prime factors of q(-10)?
7
Suppose -5*v - 204 = t, -3*v - 140 = -0*v + 5*t. Let h = -27 - v. List the prime factors of h.
13
Let q = 9 + -4. Suppose -2*n + 3*a + a + 2 = 0, -q*a + 30 = 4*n. List the prime factors of n.
5
List the prime factors of (18/(-8))/((-6)/32).
2, 3
Let q(b) = -b**3 + 6*b**2 + 4*b + 7. What are the prime factors of q(6)?
31
Let f(g) = g - 3. Let l be -1*(2 - -3) + 2. Let x be l/(-3) + 4*1. List the prime factors of f(x).
2
Suppose 4*h - 126 = -3*y, 0 = -4*y - 5*h + 3*h + 158. Let u = -10 + y. What are the prime factors of u?
2, 7
Suppose -5*k - k = -1470. List the prime factors of k.
5, 7
Suppose 0 = 2*v - v + 3. Let f = -10 - -2. Let w = v - f. What are the prime factors of w?
5
Let x(o) = o**2 + 8*o - 7. Let r be x(-9). Suppose -10 = 2*z - 5*d, 2*z = -0*d + 2*d + r. What are the prime factors of z?
5
Suppose -5*u = -289 - 1141. What are the prime factors of u?
2, 11, 13
Suppose -n - 11 = -3*b, -n = -2*n + 1. What are the prime factors of (b - -70)*3/6?
37
Let y(c) = -6*c + 1. Let a be y(1). List the prime factors of 2*(-1 - a)/1.
2
Let l be (4/20)/((-4)/(-100)). Let d = 4 + -6. Let x = d + l. What are the prime factors of x?
3
Suppose 5*q + 18 = -3*g + 345, -3*q + 3*g + 177 = 0. What are the prime factors of q?
3, 7
Let r = 207 - 111. List the prime factors of r.
2, 3
Let r(s) be the first derivative of -3*s**2 - 2*s + 3. What are the prime factors of r(-3)?
2
Suppose -2*d - s = -0*d + 51, 0 = 5*d + s + 123. Let f = -11 - d. What are the prime factors of f?
13
Suppose 0 = 3*g + 5*i - 364, i - 3*i - 329 = -3*g. Let n = g + -67. List the prime factors of n.
2, 23
Suppose 6 = -z + 14. Let a = 0 - -6. Let o = z + a. List the prime factors of o.
2, 7
Suppose -m + 2 = 5. Let q(d) = -4*d - 1. Let p be q(m). List the prime factors of (-2)/(-2) - -1*p.
2, 3
Let c(h) = -h + 4. Let o be c(8). List the prime factors of (1 - o) + (-2)/2.
2
Suppose 5*w - 4*n = 5 + 8, -3*w - n = -18. List the prime factors of w.
5
Let k(j) = -j**3 + 10*j**2 + 2*j + 4. Let r be k(10). Suppose 6*p + 48 = 2*p. Let n = r + p. What are the prime factors of n?
2, 3
Suppose s + l - 6 = 0, 0 = 4*s + 5*l - 16 - 11. List the prime factors of s.
3
Suppose 0 = -3*s + 6*s - 75. What are the prime factors of s?
5
Let q = 11 + -1. Let z(j) = j**2 - 8*j + 1. Let l be z(q). Let c = l - 13. List the prime factors of c.
2
Let m(k) = -2*k + 5. Let v(q) = -5*q + 10. Let h(t) = -9*m(t) + 4*v(t). What are the prime factors of h(-9)?
13
Let f be 8/6 + 2/(-6). Let d = f - 7. What are the prime factors of (2/4)/((-1)/d)?
3
Let z = 1 + 2. List the prime factors of 2*z/(-4)*-10.
3, 5
Let z(y) = 2*y**2 + y - 10. Let w be z(0). Let k be (-2)/(0 + 4)*-4. What are the prime factors of w/(-3)*3/k?
5
Suppose b + 26 = -5*q, -4*b - 3*q - 17 = 19. Let g(x) = -x - 2 + 0 - 1. What are the prime factors of g(b)?
3
Suppose 3*k + 202 = 4*x + 21, -50 = -x - 4*k. Let j = x + -7. Suppose 5*n = g + 25, -j = -4*n - 4*g + g. What are the prime factors of n?
2, 3
Let x = 11 + -7. Suppose 2*s - x*o = 20, -4*s - 3*o = -2*o - 4. List the prime factors of s.
2
Suppose -5*u = 15, -3*u + 15 = 5*s + 2*u. Let g(l) = l**3 + 6*l**2 + 4*l - 6. Let z be g(-5). List the prime factors of s - (z + (2 - 1)).
2, 3
Let h(v) = -12*v + 1. Let r be h(-1). Let p = -9 + r. Suppose -22 = -3*u + 2*j, -2*j - 6 = p. What are the prime factors of u?
2
Let i(k) = 7*k + 0 - k + k**2 + 1. Let u be i(-6). What are the prime factors of (2/(-2) - -4)*u?
3
List the prime factors of (-4)/(-10) + (-399)/(-15).
3
Suppose 0 = -4*c + 2*s - 0 + 28, -c + 21 = -4*s. Suppose o - c = -3. What are the prime factors of o?
2
Let w(j) = 7*j**2 - 3*j**3 + 2*j**3 - 10 - 2*j + 4*j. Let o be w(7). Suppose -2*l + 34 = 2*b +